 of (-7)/(((-9)/(-36))/(-1 + c))?
1
Let d = 7138 - -9923. What is the hundreds digit of d?
0
Let d(x) = -3*x + 9*x + 40 + x**2 + 0*x**2 - 5*x. What is the tens digit of d(6)?
8
Let l(h) = -10*h**3 - 7*h**2 - 7*h - 2. Suppose -8*s = 5*m - 10*s + 28, -3*s + 16 = -m. What is the units digit of l(m)?
4
Let g be -24 - (-5 - (-1 + 0)). Let r be (-1)/(-5) + (-116)/g. What is the units digit of (675/10)/9*r?
5
Let l(h) = -4*h**2 - h - 1. Let t(m) = -9*m**2 + 2*m - 2. Let a(y) = -5*l(y) + 2*t(y). What is the units digit of a(-28)?
7
Suppose 5*x = 174 - 164. Suppose -x*r = 31 - 187. What is the tens digit of r?
7
Let c be (2/(3/(-3)) - 16)/(-2). Suppose c = -10*j - 11. What is the tens digit of 2485/28 + j/(-8)?
8
Let b = -12982 - -48909. What is the hundreds digit of b?
9
Let p(v) = -27*v**3 + 631*v**2 + 14*v - 54. What is the units digit of p(19)?
0
Suppose 0 = 18*u - 32359 - 449069. What is the tens digit of u?
4
Suppose 9*h + 42 - 78 = 0. Suppose -6 = -2*q - 0. Suppose 3*k + 210 = 3*s, -q*s - 70 = -h*s + 5*k. What is the tens digit of s?
7
Suppose 4*k + 39 = 119. Let i = k + -20. Suppose i*j = -j + 63. What is the units digit of j?
3
Let r = 503 - 204. Suppose 2*v - 1289 = -r. What is the hundreds digit of v?
4
What is the thousands digit of 315/18*(-30200)/(-70)?
7
Suppose h - 94 = -100, 4*h + 12922 = 2*c. What is the hundreds digit of c?
4
Let k(u) = u**2 + 14*u + 50. Let t be k(-6). Suppose -2*c - 5 = -3*c, -t*c + 1159 = 3*q. What is the units digit of q?
3
Let s be (2/4)/(2/(-4)) + -3. What is the units digit of (s + 5/2)/((-12)/632)?
9
Suppose -7*w + 11070 = 2*w. Let t = w - 850. What is the units digit of t?
0
Let z = -4 + 8. Let h = 1431 - 1428. Suppose -z*f + h*n + 52 = -224, -n = 4. What is the units digit of f?
6
Let y = 9580 - 2855. What is the hundreds digit of y?
7
What is the tens digit of 126/(-36)*728600/(-35)?
6
Let l(v) = -v**3 - 147*v**2 + 9*v + 5471. What is the hundreds digit of l(-148)?
0
Let c(o) = 238*o + 1355. What is the hundreds digit of c(74)?
9
Let m(c) be the third derivative of 4*c**6/15 - 7*c**5/60 + 3*c**4/8 + c**3/6 - 2*c**2 - 51. What is the hundreds digit of m(2)?
2
Suppose 0 = 4*c + c - 5580. Let s be c/(-20) + 1/(-5). What is the units digit of (6/(-8))/(21/s)?
2
What is the tens digit of (15 - -7681) + (-10 - -2)?
8
Suppose 12*d = 25 + 23. Suppose k + d = o + 2*o, 14 = 4*k - 2*o. Suppose 4*l + 5*p - 347 = 0, p - 185 - 254 = -k*l. What is the units digit of l?
8
Let m = -7321 - -12223. What is the tens digit of m?
0
Suppose 4*x - b = -3*b + 28, x = -b + 7. What is the hundreds digit of 217*(-3)/(-3) + x?
2
Let l = -3746 - -47907. What is the thousands digit of l?
4
Let g(k) = 2*k. Let s(h) = 11*h + 24. Let n(x) = 3*g(x) - s(x). What is the tens digit of n(-30)?
2
Let o(q) = -q + 8. Let v be o(6). Suppose -3*t = -v*t - 312. Suppose -4*a + 414 = 3*b, -2*b + t = 3*a + b. What is the tens digit of a?
0
Let m be (2/(-6))/((4/(-6))/2). What is the tens digit of m/(4 + (-4 - -1)) + 235?
3
Suppose -x = 4*a - 69350, 0 = -x + 541 - 543. What is the hundreds digit of a?
3
What is the thousands digit of (3 - (-210)/(-66) - (-973105)/(-55))*-1?
7
Suppose k + 3 = -2*a - 2, -4*a + 15 = -3*k. Suppose a = 5*m - i + 414, 0*m - 3*i - 169 = 2*m. Let j = 164 + m. What is the tens digit of j?
8
Suppose 0 = -i - 19 + 62. Suppose -4*z + i = 35. What is the hundreds digit of z + 1 - (2 - 144)?
1
Let p = -24821 - -45592. What is the ten thousands digit of p?
2
Let r(z) = -17*z + 9. Let x be r(0). What is the tens digit of 3*(-4 - (-480)/x)?
4
Let d(r) = r**3 + 15*r**2 + 21*r + 7. Let b be 2/(8/(-44)) - (-1 + 2). What is the tens digit of d(b)?
8
Let x = 5 + -14. Let l(w) be the second derivative of w**4/6 + 5*w**3/3 - 10*w**2 - w + 1. What is the tens digit of l(x)?
5
What is the thousands digit of ((-1137064)/(-30) - 3/9) + (-148)/(-740)?
7
Suppose -123 = 5*w + z + 6, 2*w = 4*z - 34. Let f(x) = -48*x + 42. What is the hundreds digit of f(w)?
2
Suppose 5203 = -2*l + 3*q + 19477, -35711 = -5*l + q. What is the thousands digit of l?
7
Let z = -1888 + 12778. What is the ten thousands digit of z?
1
Suppose 96 = -b + 2*z - 4*z, -2*b = 5*z + 192. Let r = b + 525. What is the tens digit of r?
2
Let o = -67 - -73. Let a = o + -2. Suppose 241 = a*q - 67. What is the units digit of q?
7
Suppose -2*k = -3*q - 167, k - 38 = 4*q + 58. Suppose 2*t = 2626 + k. What is the hundreds digit of t?
3
Suppose 5*u = 3*r + 49175 - 12146, -3*u - 4*r = -22171. What is the tens digit of u?
0
Let s = -10469 - -12319. What is the units digit of s?
0
Let g be (4/(-6))/(-4 - (-14)/3). Let o be 66 - (4 - 0/g). Let d = o + -54. What is the units digit of d?
8
Let l = 2202 - 895. Suppose -24*h - l = -33683. What is the hundreds digit of h?
3
Let s(b) = 1923*b - 272. What is the hundreds digit of s(6)?
2
Let b be (-361)/10 - 65/(-650). What is the units digit of (-2 - b/8)*2560/25?
6
Let v(c) = -c + 2330. Let l be v(0). Suppose 3*u = 5*h - l, 3*h + 2*u - 1374 = -u. Let t = -270 + h. What is the hundreds digit of t?
1
Let n be 4*(-25)/(-10) - -1. Suppose -n*y + 25 = -6*y. Let c = y + -2. What is the units digit of c?
3
Let r = -122 + 241. Let n = r + 110. What is the tens digit of n?
2
Suppose 12*w = -8*w + 40. Suppose 1284 = w*x - 4*g - 644, 0 = 3*x + 4*g - 2922. What is the units digit of x?
0
Suppose c - 904 = r + 14614, 0 = c - 5*r - 15530. What is the tens digit of c?
1
Suppose h - 4*h = 3*h. What is the hundreds digit of (h + 2)/((-18)/(-1557))*3?
5
Suppose 58678 = 173*y - 135766 - 191000. What is the thousands digit of y?
2
Let v be (569 + -3)/2 - 2*-2. What is the tens digit of (1476/v)/(0 - (-1)/126)?
4
Let x(a) = a**2 + 11*a + 27. Let h be x(-8). Suppose h*o + 1446 = 3*d, -5*d + 4*o + 629 = -1779. What is the hundreds digit of d?
4
Let n = 7858 + 11364. What is the units digit of n?
2
Let q = 36704 - 819. What is the hundreds digit of q?
8
Suppose 112*n - 55*n + 102*n = 3671946. What is the units digit of n?
4
Let i be (563/(-2))/((-11)/22). Let c = i - -50. What is the hundreds digit of c?
6
Let c = 366 + 30. Let k = c + -273. What is the units digit of k?
3
Let z = 18844 + 218. What is the thousands digit of z?
9
Suppose p - 2*p - 145 = 5*u, -4*p + 170 = -5*u. What is the units digit of u/(5/25*-2 - 0)?
5
Suppose 3*o = 2*w + o - 126, -3*w + 184 = -4*o. Let a = -2227 - -2208. Let z = a + w. What is the units digit of z?
9
Let b be (1 + -2)/(7/(-131901)). What is the tens digit of b/21 + (16/14)/(-4)?
9
Let q be ((-15)/10)/(3/(-6)). Suppose 0 = -5*r - q*g + 67, 38 = 5*r + g - 31. Suppose -62 - 1128 = -r*u. What is the tens digit of u?
8
Let f(g) = -5278*g**3 - g + 1. What is the tens digit of f(-1)?
8
Suppose -6*u = -7*u. Suppose 0 = 2*g + 10, 5*j + g - 2920 = 3*g. Suppose -8*b + 2*b + j = u. What is the units digit of b?
7
Suppose 118 + 3672 = 10*g. Suppose g - 71 = 4*v. Suppose -r = 1, -3*l + 3*r + v = -223. What is the tens digit of l?
9
Suppose -17*s - 8773 + 125238 = -27797. What is the thousands digit of s?
8
Let s = -175 + 28. Let u(j) = -6*j**2 + 9*j + 6. Let f be u(-6). Let z = s - f. What is the hundreds digit of z?
1
Let b be (-21)/6*(1 - (-1 - 0)). Let l(q) = 6*q + 6 + 2*q**2 - 7*q + 6. What is the hundreds digit of l(b)?
1
Let l = -31970 - -53752. What is the hundreds digit of l?
7
Let r(w) be the first derivative of -w**4/2 + 2*w**3 - 3*w**2 - 17. Let m be r(3). What is the tens digit of (4 - (-204)/m)/((-2)/21)?
7
What is the hundreds digit of (-11 - 78/(-6)) + (0 - -3460)?
4
Let p(g) be the third derivative of 5/8*g**4 - 21*g**2 - g - 1/5*g**5 + 0 + 8/3*g**3 + 1/120*g**6. What is the tens digit of p(11)?
6
Suppose h + 2817 = -5*u, 4*u + 3*h + 1649 = -598. Let q = u - -927. What is the hundreds digit of q?
3
Suppose 2*q = r - 11768, 3*q + 1041 = 4*r - 46046. What is the units digit of r?
4
Suppose -6*n - 10 = -8*n. Suppose 414 = 3*g + 2*v, 4*g = n*g + 2*v - 138. Let a = -8 + g. What is the units digit of a?
0
Let p be 4 - 54/15 - 454/10. Let o = 87 - p. Suppose o + 388 = 2*x. What is the hundreds digit of x?
2
Let x(k) = k**3 - 10*k + 24. Let v be x(14). Let h = -1407 + v. What is the tens digit of h?
2
Let j(z) = 3 + 18*z + 5 + 9*z**2 + 2*z**3 - 3*z**3 + 6*z**2. Let d be j(16). Let b = d + -14. What is the tens digit of b?
2
Suppose 0 = m + 3